2911 and 893?
19
What is the highest common divisor of 6400 and 237248?
64
Calculate the highest common divisor of 22 and 940346.
22
What is the highest common divisor of 231819696 and 63?
9
What is the highest common divisor of 3043590 and 5730?
30
Calculate the greatest common divisor of 162964 and 3.
1
What is the highest common divisor of 438272 and 1119434?
214
Calculate the highest common divisor of 1271 and 26815.
31
What is the greatest common divisor of 395768 and 24034?
122
What is the highest common divisor of 5012539 and 4396?
1099
Calculate the greatest common divisor of 2148258 and 196.
98
Calculate the greatest common divisor of 3685 and 3844862.
67
What is the highest common factor of 71828609 and 23?
23
What is the highest common factor of 12 and 4020509892?
12
What is the greatest common factor of 5260254 and 22392?
1866
Calculate the greatest common divisor of 8 and 17431.
1
What is the greatest common divisor of 572887 and 206052?
1561
What is the greatest common divisor of 3317 and 22317551?
31
What is the greatest common divisor of 5439 and 1649349?
111
Calculate the greatest common factor of 610088 and 242.
2
Calculate the highest common divisor of 6821305 and 6751.
43
Calculate the highest common factor of 318 and 1749578442.
318
Calculate the highest common divisor of 3729 and 11497750.
1243
What is the highest common divisor of 26732556 and 268416?
8388
Calculate the greatest common factor of 3055 and 551915.
65
What is the greatest common divisor of 944 and 2453692?
236
Calculate the highest common divisor of 13151736 and 10296.
936
What is the highest common divisor of 2068 and 27924815?
47
What is the highest common factor of 15346077 and 708?
177
Calculate the highest common factor of 41 and 39903455.
41
Calculate the highest common factor of 33453 and 5051816.
413
What is the greatest common factor of 85 and 49901120?
85
Calculate the highest common factor of 6014 and 19158.
62
What is the highest common divisor of 665412 and 1562?
1562
What is the greatest common divisor of 19454880 and 30?
30
Calculate the highest common divisor of 4590 and 40835610.
270
What is the greatest common divisor of 81378 and 32076?
594
What is the greatest common divisor of 104566550 and 100?
50
What is the highest common factor of 96359 and 244648?
577
What is the greatest common factor of 2758952 and 38304?
1064
Calculate the greatest common factor of 7940 and 13289575.
1985
What is the greatest common divisor of 11112440 and 98375?
3935
What is the highest common divisor of 54 and 96372963?
27
What is the greatest common factor of 54842385 and 650?
65
What is the greatest common factor of 425300 and 1254200?
100
Calculate the greatest common divisor of 68376 and 8358.
42
Calculate the highest common factor of 92842695 and 3179.
3179
What is the greatest common factor of 30996 and 732672?
108
Calculate the highest common divisor of 3607443 and 14.
7
What is the highest common divisor of 40410205 and 45672?
1903
Calculate the greatest common divisor of 4455 and 137670.
15
Calculate the highest common factor of 77574399 and 93977.
7229
What is the greatest common factor of 293648 and 316?
4
What is the highest common factor of 305305 and 343369?
793
Calculate the highest common divisor of 548440 and 2720.
40
Calculate the greatest common divisor of 21328 and 10144.
16
What is the greatest common divisor of 163721307 and 4755?
951
What is the highest common factor of 1251 and 471488?
139
What is the greatest common factor of 161960207 and 34?
17
Calculate the greatest common factor of 100 and 21166100.
100
Calculate the greatest common factor of 24 and 18984696.
24
What is the greatest common divisor of 1679408802 and 46?
46
What is the highest common factor of 588 and 2804448?
12
Calculate the greatest common divisor of 2628 and 21564.
36
What is the highest common divisor of 6424928 and 152?
8
What is the greatest common divisor of 24254784 and 2176?
1088
Calculate the highest common factor of 513 and 45213673.
19
Calculate the greatest common factor of 427646340 and 45.
45
Calculate the greatest common factor of 2527 and 2457.
7
Calculate the greatest common divisor of 918944 and 10998.
1222
What is the highest common factor of 10716 and 7971?
3
What is the greatest common divisor of 17890 and 496440?
10
Calculate the greatest common divisor of 318084098 and 3746.
3746
What is the greatest common factor of 127987 and 6209812?
977
Calculate the greatest common divisor of 213 and 14023707.
213
Calculate the highest common factor of 2541 and 1982827.
847
What is the highest common divisor of 195711898 and 411?
137
What is the greatest common divisor of 234728 and 355940?
1924
Calculate the highest common factor of 1323910 and 335.
5
What is the greatest common divisor of 192 and 21307632?
48
What is the highest common divisor of 154 and 1691928?
14
Calculate the greatest common factor of 223103376 and 58752.
7344
What is the greatest common factor of 182 and 29457666?
14
Calculate the highest common divisor of 12784 and 1064080.
752
Calculate the highest common divisor of 24 and 10487148.
12
What is the highest common divisor of 264 and 9447372?
132
What is the highest common divisor of 1311 and 935427?
57
What is the highest common factor of 182 and 53425918?
182
What is the highest common factor of 7348033 and 77?
77
What is the greatest common divisor of 6056478 and 95?
19
Calculate the greatest common divisor of 16032965 and 1040.
65
Calculate the highest common divisor of 1918437 and 319.
29
Calculate the greatest common divisor of 161860 and 4580.
20
Calculate the greatest common factor of 24485 and 7499050.
415
Calculate the greatest common factor of 50360 and 14360.
40
Calculate the highest common factor of 280120 and 157195.
745
Calculate the greatest common factor of 4067 and 7850389.
83
What is the highest common factor of 8733 and 94330955?
2911
Calculate the highest common divisor of 15 and 1876734.
3
What is the greatest common factor of 156 and 154467924?
156
What is the greatest common divisor of 5 and 743614670?
5
Calculate the highest common divisor of 1088626 and 10648.
22
Calculate the highest common factor of 748 and 13222022.
374
What is the highest common factor of 4235547 and 12845?
367
Calculate the highest common factor of 705249 and 38249.
23
What is the highest common factor of 8562555 and 3195?
45
What is the highest common factor of 96417711 and 180?
9
What is the highest common factor of 128 and 1762064?
16
What is the highest common factor of 3212188 and 399966?
1246
Calculate the greatest common factor of 360 and 11644380.
180
What is the greatest common factor of 765 and 93750835?
85
Calculate the highest common factor of 94 and 15316595.
47
Calculate the highest common factor of 180 and 294857235.
45
What is the highest common factor of 174796 and 2429468?
1964
Calculate the highest common divisor of 41109 and 83569.
193
What is the greatest common factor of 163240 and 1545480?
2120
Calculate the highest common factor of 6766 and 3210518.
34
Calculate the greatest common divisor of 100 and 534332850.
50
Calculate the highest common factor of 4056663 and 2795.
559
Calculate the highest common divisor of 45 and 346656060.
45
Calculate the highest common divisor of 12993 and 10303998.
183
What is the greatest common factor of 464190 and 5550?
30
Calculate the highest common divisor of 24420 and 6431340.
2220
What is the highest common factor of 209524 and 91777?
49
Calculate the greatest common factor of 16 and 7307005888.
16
Calculate the greatest common divisor of 30493700 and 28.
4
Calculate the highest common divisor of 747 and 14863557.
249
Calculate the greatest common factor of 969702 and 1392.
174
Calculate the highest common divisor of 1116 and 16618108.
124
What is the highest common factor of 5373825 and 6276?
1569
Calculate the greatest common divisor of 27086997 and 777.
777
Calculate the highest common factor of 287508 and 131898.
1482
Calculate the greatest common factor of 208512 and 2338158.
1086
What is the highest common factor of 324459 and 891?
27
Calculate the greatest common divisor of 119210 and 521773.
917
What is the greatest common divisor of 2562 and 60592?
14
Calculate 